{"id":12092,"date":"2022-05-14T10:04:01","date_gmt":"2022-05-14T10:04:01","guid":{"rendered":"https:\/\/www.fondationmagos.com\/en\/?page_id=12092"},"modified":"2022-07-15T10:37:24","modified_gmt":"2022-07-15T10:37:24","slug":"edition-commemorative-du-600eme-anniversaire-de-la-creation-de-latlas-catalan-1375-1975","status":"publish","type":"page","link":"https:\/\/www.fondationmagos.com\/en\/edition-commemorative-du-600eme-anniversaire-de-la-creation-de-latlas-catalan-1375-1975\/","title":{"rendered":"\u00c9dition comm\u00e9morative du 600\u00e8me anniversaire de la cr\u00e9ation de l\u2019Atlas Catalan (1375-1975)."},"content":{"rendered":"\t\t<div data-elementor-type=\"wp-page\" data-elementor-id=\"12092\" class=\"elementor elementor-12092\">\n\t\t\t\t\t\t<section class=\"elementor-section elementor-top-section elementor-element elementor-element-539f3cfd elementor-section-boxed elementor-section-height-default elementor-section-height-default\" data-id=\"539f3cfd\" data-element_type=\"section\" data-e-type=\"section\">\n\t\t\t\t\t\t<div class=\"elementor-container elementor-column-gap-default\">\n\t\t\t\t\t<div class=\"elementor-column elementor-col-100 elementor-top-column elementor-element elementor-element-1c174ece\" data-id=\"1c174ece\" data-element_type=\"column\" data-e-type=\"column\">\n\t\t\t<div class=\"elementor-widget-wrap elementor-element-populated\">\n\t\t\t\t\t\t<div class=\"elementor-element elementor-element-5c7528e8 elementor-widget__width-initial elementor-absolute elementor-invisible elementor-widget elementor-widget-html\" data-id=\"5c7528e8\" data-element_type=\"widget\" data-e-type=\"widget\" data-settings=\"{&quot;_position&quot;:&quot;absolute&quot;,&quot;_animation_mobile&quot;:&quot;slideInRight&quot;,&quot;_animation&quot;:&quot;slideInRight&quot;}\" data-widget_type=\"html.default\">\n\t\t\t\t\t<a href=\"javascript:window.close();\">Back<<\/a>\t\t\t\t<\/div>\n\t\t\t\t\t<\/div>\n\t\t<\/div>\n\t\t\t\t\t<\/div>\n\t\t<\/section>\n\t\t\t\t<section class=\"elementor-section elementor-top-section elementor-element elementor-element-17110fb1 elementor-section-boxed elementor-section-height-default elementor-section-height-default\" data-id=\"17110fb1\" data-element_type=\"section\" data-e-type=\"section\" data-settings=\"{&quot;background_background&quot;:&quot;classic&quot;,&quot;animation&quot;:&quot;none&quot;,&quot;shape_divider_top&quot;:&quot;opacity-tilt&quot;,&quot;animation_mobile&quot;:&quot;zoomIn&quot;}\">\n\t\t\t\t\t\t\t<div class=\"elementor-background-overlay\"><\/div>\n\t\t\t\t\t\t<div class=\"elementor-shape elementor-shape-top\" aria-hidden=\"true\" data-negative=\"false\">\n\t\t\t<svg xmlns=\"http:\/\/www.w3.org\/2000\/svg\" viewBox=\"0 0 2600 131.1\" preserveAspectRatio=\"none\">\n\t<path class=\"elementor-shape-fill\" d=\"M0 0L2600 0 2600 69.1 0 0z\"\/>\n\t<path class=\"elementor-shape-fill\" style=\"opacity:0.5\" d=\"M0 0L2600 0 2600 69.1 0 69.1z\"\/>\n\t<path class=\"elementor-shape-fill\" style=\"opacity:0.25\" d=\"M2600 0L0 0 0 130.1 2600 69.1z\"\/>\n<\/svg>\t\t<\/div>\n\t\t\t\t\t<div class=\"elementor-container elementor-column-gap-custom\">\n\t\t\t\t\t<div class=\"elementor-column elementor-col-100 elementor-top-column elementor-element elementor-element-6b0225db\" data-id=\"6b0225db\" data-element_type=\"column\" data-e-type=\"column\">\n\t\t\t<div class=\"elementor-widget-wrap elementor-element-populated\">\n\t\t\t\t\t\t<div class=\"elementor-element elementor-element-5d7bdd24 elementor-invisible elementor-widget elementor-widget-image\" data-id=\"5d7bdd24\" data-element_type=\"widget\" data-e-type=\"widget\" data-settings=\"{&quot;_animation&quot;:&quot;fadeInRight&quot;}\" data-widget_type=\"image.default\">\n\t\t\t\t\t\t\t\t\t\t\t\t\t\t\t\t<a href=\"\" a=\"\">\n\t\t\t\t\t\t\t<img fetchpriority=\"high\" decoding=\"async\" width=\"1173\" height=\"485\" src=\"https:\/\/www.fondationmagos.com\/en\/wp-content\/uploads\/2022\/05\/1375.Cresques.16.jpg\" class=\"attachment-full size-full wp-image-14730\" alt=\"\" srcset=\"https:\/\/www.fondationmagos.com\/en\/wp-content\/uploads\/2022\/05\/1375.Cresques.16.jpg 1173w, https:\/\/www.fondationmagos.com\/en\/wp-content\/uploads\/2022\/05\/1375.Cresques.16-300x124.jpg 300w, https:\/\/www.fondationmagos.com\/en\/wp-content\/uploads\/2022\/05\/1375.Cresques.16-1024x423.jpg 1024w, https:\/\/www.fondationmagos.com\/en\/wp-content\/uploads\/2022\/05\/1375.Cresques.16-768x318.jpg 768w\" sizes=\"(max-width: 1173px) 100vw, 1173px\" \/>\t\t\t\t\t\t\t\t<\/a>\n\t\t\t\t\t\t\t\t\t\t\t\t\t\t\t<\/div>\n\t\t\t\t<div class=\"elementor-element elementor-element-7ac78dc elementor-widget elementor-widget-heading\" data-id=\"7ac78dc\" data-element_type=\"widget\" data-e-type=\"widget\" data-widget_type=\"heading.default\">\n\t\t\t\t\t<h2 class=\"elementor-heading-title elementor-size-default\">Commemorative edition<br> of the 600th anniversary <br>of the creation of the Catalan Atlas (1375-1975)<\/h2>\t\t\t\t<\/div>\n\t\t\t\t<div class=\"elementor-element elementor-element-11dcce71 elementor-widget elementor-widget-heading\" data-id=\"11dcce71\" data-element_type=\"widget\" data-e-type=\"widget\" data-widget_type=\"heading.default\">\n\t\t\t\t\t<h2 class=\"elementor-heading-title elementor-size-default\">Number 549 of 1000 copies<br>Prologue by Josep Porter,<br>poem by Salvador Espiru<br> (Spain, 20th c.)<br>\nMagos Foundation Collection\n\n\n\n\n\n<\/h2>\t\t\t\t<\/div>\n\t\t\t\t<div class=\"elementor-element elementor-element-082842e elementor-widget elementor-widget-text-editor\" data-id=\"082842e\" data-element_type=\"widget\" data-e-type=\"widget\" data-widget_type=\"text-editor.default\">\n\t\t\t\t\t\t\t\t\tThis atlas is the first known representation of the world as a whole, attributed to Abraham Cresques, a Majorcan Jewish cartographer from Palma. Above the representation of the Magi, the legend reads: &#8220;Aquesta provincia \u00e9s appellada T\u00e0rsia de la qual aixiren los .III. reys fort savis&#8221; translated as: Tarsia, from where the Three Wise Kings came out. In front of the Three Wise Men, is written: TARSSIA. \t\t\t\t\t\t\t\t<\/div>\n\t\t\t\t<div class=\"elementor-element elementor-element-843a638 elementor-widget elementor-widget-heading\" data-id=\"843a638\" data-element_type=\"widget\" data-e-type=\"widget\" data-widget_type=\"heading.default\">\n\t\t\t\t\t<h2 class=\"elementor-heading-title elementor-size-default\">THE BIBLICAL THARSIS<br> LOCATED IN ANDALUSIA\n<\/h2>\t\t\t\t<\/div>\n\t\t\t\t<div class=\"elementor-element elementor-element-76b803cb elementor-widget elementor-widget-text-editor\" data-id=\"76b803cb\" data-element_type=\"widget\" data-e-type=\"widget\" data-widget_type=\"text-editor.default\">\n\t\t\t\t\t\t\t\t\tTharsis, mentioned 23 times in the Old Testament, is identified with the ancient kingdom of Tartessos, southwest of Spain in Andalusia, which owed its great wealth to its minerals. The latest to locate Tharsis in the Iberian Peninsula is Pope Francis in an address to the International Congress of Catechists (September 27, 2013) referring to the passage in the Bible where &#8220;Jonah arose to flee to Tharsis.&#8221; The Pope&#8217;s interpretation is &#8220;Jonah escapes, he goes to Spain and he embarks on a ship that goes that way.&#8221; \n\nFrom ancient times, throughout the Roman Empire, writers such as Salustio (1st century) or Pausanias (2nd century) have associated Tharsis with Andalusia. &#8220;Hercules himself located Tartessos on the Iberian peninsula&#8221; says Flavius Arrianus (2nd century). For Valerius Maximums (Ist century) as well as Lilius Italicus (Ist century) port Tartessos from which the Kings reigned was Cadiz also named Tharsis. For Claudius Claudianus (4th century) &#8220;King Solomon sent his fleet to Cadiz, the western Tartessos.&#8221;\n\nArchaeological evidence of the existence of mines dating back to the time of King Solomon can still be seen today at Cerro Colorado (Huelva), nicknamed &#8220;Cerro Salomon,&#8221; and at Cabezo Jur\u00e9 in Alosno (Huelva). Some of the production sites have been dated by the Department of Prehistory of the University of Huelva, using carbon 14, to the year 3200 BC. These mines were in activity until the end of the 19th century and were called &#8220;Minas de Tharsis.&#8221; \n\t\t\t\t\t\t\t\t<\/div>\n\t\t\t\t\t<\/div>\n\t\t<\/div>\n\t\t\t\t\t<\/div>\n\t\t<\/section>\n\t\t\t\t<\/div>\n\t\t","protected":false},"excerpt":{"rendered":"<p>Back<\/p>\n","protected":false},"author":1,"featured_media":0,"parent":0,"menu_order":0,"comment_status":"closed","ping_status":"closed","template":"elementor_header_footer","meta":{"footnotes":""},"class_list":["post-12092","page","type-page","status-publish"],"_links":{"self":[{"href":"https:\/\/www.fondationmagos.com\/en\/wp-json\/wp\/v2\/pages\/12092","targetHints":{"allow":["GET"]}}],"collection":[{"href":"https:\/\/www.fondationmagos.com\/en\/wp-json\/wp\/v2\/pages"}],"about":[{"href":"https:\/\/www.fondationmagos.com\/en\/wp-json\/wp\/v2\/types\/page"}],"author":[{"embeddable":true,"href":"https:\/\/www.fondationmagos.com\/en\/wp-json\/wp\/v2\/users\/1"}],"replies":[{"embeddable":true,"href":"https:\/\/www.fondationmagos.com\/en\/wp-json\/wp\/v2\/comments?post=12092"}],"version-history":[{"count":10,"href":"https:\/\/www.fondationmagos.com\/en\/wp-json\/wp\/v2\/pages\/12092\/revisions"}],"predecessor-version":[{"id":16940,"href":"https:\/\/www.fondationmagos.com\/en\/wp-json\/wp\/v2\/pages\/12092\/revisions\/16940"}],"wp:attachment":[{"href":"https:\/\/www.fondationmagos.com\/en\/wp-json\/wp\/v2\/media?parent=12092"}],"curies":[{"name":"wp","href":"https:\/\/api.w.org\/{rel}","templated":true}]}}

Édition commémorative du 600ème anniversaire de la création de l’Atlas Catalan (1375-1975).

<div data-elementor-type="wp-page" data-elementor-id="12092" class="elementor elementor-12092">
						<section class="elementor-section elementor-top-section elementor-element elementor-element-539f3cfd elementor-section-boxed elementor-section-height-default elementor-section-height-default" data-id="539f3cfd" data-element_type="section" data-e-type="section">
						<div class="elementor-container elementor-column-gap-default">
					<div class="elementor-column elementor-col-100 elementor-top-column elementor-element elementor-element-1c174ece" data-id="1c174ece" data-element_type="column" data-e-type="column">
			<div class="elementor-widget-wrap elementor-element-populated">
						<div class="elementor-element elementor-element-5c7528e8 elementor-widget__width-initial elementor-absolute elementor-invisible elementor-widget elementor-widget-html" data-id="5c7528e8" data-element_type="widget" data-e-type="widget" data-settings="{&quot;_position&quot;:&quot;absolute&quot;,&quot;_animation_mobile&quot;:&quot;slideInRight&quot;,&quot;_animation&quot;:&quot;slideInRight&quot;}" data-widget_type="html.default">
					<a href="javascript:window.close();">Back<</a>				</div>
					</div>
		</div>
					</div>
		</section>
				<section class="elementor-section elementor-top-section elementor-element elementor-element-17110fb1 elementor-section-boxed elementor-section-height-default elementor-section-height-default" data-id="17110fb1" data-element_type="section" data-e-type="section" data-settings="{&quot;background_background&quot;:&quot;classic&quot;,&quot;animation&quot;:&quot;none&quot;,&quot;shape_divider_top&quot;:&quot;opacity-tilt&quot;,&quot;animation_mobile&quot;:&quot;zoomIn&quot;}">
							<div class="elementor-background-overlay"></div>
						<div class="elementor-shape elementor-shape-top" aria-hidden="true" data-negative="false">
			<svg xmlns="http://www.w3.org/2000/svg" viewBox="0 0 2600 131.1" preserveAspectRatio="none">
	<path class="elementor-shape-fill" d="M0 0L2600 0 2600 69.1 0 0z"/>
	<path class="elementor-shape-fill" style="opacity:0.5" d="M0 0L2600 0 2600 69.1 0 69.1z"/>
	<path class="elementor-shape-fill" style="opacity:0.25" d="M2600 0L0 0 0 130.1 2600 69.1z"/>
</svg>		</div>
					<div class="elementor-container elementor-column-gap-custom">
					<div class="elementor-column elementor-col-100 elementor-top-column elementor-element elementor-element-6b0225db" data-id="6b0225db" data-element_type="column" data-e-type="column">
			<div class="elementor-widget-wrap elementor-element-populated">
						<div class="elementor-element elementor-element-5d7bdd24 elementor-invisible elementor-widget elementor-widget-image" data-id="5d7bdd24" data-element_type="widget" data-e-type="widget" data-settings="{&quot;_animation&quot;:&quot;fadeInRight&quot;}" data-widget_type="image.default">
																<a href="" a="">
							<img fetchpriority="high" decoding="async" width="1173" height="485" src="https://www.fondationmagos.com/en/wp-content/uploads/2022/05/1375.Cresques.16.jpg" class="attachment-full size-full wp-image-14730" alt="" srcset="https://www.fondationmagos.com/en/wp-content/uploads/2022/05/1375.Cresques.16.jpg 1173w, https://www.fondationmagos.com/en/wp-content/uploads/2022/05/1375.Cresques.16-300x124.jpg 300w, https://www.fondationmagos.com/en/wp-content/uploads/2022/05/1375.Cresques.16-1024x423.jpg 1024w, https://www.fondationmagos.com/en/wp-content/uploads/2022/05/1375.Cresques.16-768x318.jpg 768w" sizes="(max-width: 1173px) 100vw, 1173px" />								</a>
															</div>
				<div class="elementor-element elementor-element-7ac78dc elementor-widget elementor-widget-heading" data-id="7ac78dc" data-element_type="widget" data-e-type="widget" data-widget_type="heading.default">
					<h2 class="elementor-heading-title elementor-size-default">Commemorative edition<br> of the 600th anniversary <br>of the creation of the Catalan Atlas (1375-1975)</h2>				</div>
				<div class="elementor-element elementor-element-11dcce71 elementor-widget elementor-widget-heading" data-id="11dcce71" data-element_type="widget" data-e-type="widget" data-widget_type="heading.default">
					<h2 class="elementor-heading-title elementor-size-default">Number 549 of 1000 copies<br>Prologue by Josep Porter,<br>poem by Salvador Espiru<br> (Spain, 20th c.)<br>
Magos Foundation Collection





</h2>				</div>
				<div class="elementor-element elementor-element-082842e elementor-widget elementor-widget-text-editor" data-id="082842e" data-element_type="widget" data-e-type="widget" data-widget_type="text-editor.default">
									This atlas is the first known representation of the world as a whole, attributed to Abraham Cresques, a Majorcan Jewish cartographer from Palma. Above the representation of the Magi, the legend reads: &#8220;Aquesta provincia és appellada Tàrsia de la qual aixiren los .III. reys fort savis&#8221; translated as: Tarsia, from where the Three Wise Kings came out. In front of the Three Wise Men, is written: TARSSIA. 								</div>
				<div class="elementor-element elementor-element-843a638 elementor-widget elementor-widget-heading" data-id="843a638" data-element_type="widget" data-e-type="widget" data-widget_type="heading.default">
					<h2 class="elementor-heading-title elementor-size-default">THE BIBLICAL THARSIS<br> LOCATED IN ANDALUSIA
</h2>				</div>
				<div class="elementor-element elementor-element-76b803cb elementor-widget elementor-widget-text-editor" data-id="76b803cb" data-element_type="widget" data-e-type="widget" data-widget_type="text-editor.default">
									Tharsis, mentioned 23 times in the Old Testament, is identified with the ancient kingdom of Tartessos, southwest of Spain in Andalusia, which owed its great wealth to its minerals. The latest to locate Tharsis in the Iberian Peninsula is Pope Francis in an address to the International Congress of Catechists (September 27, 2013) referring to the passage in the Bible where &#8220;Jonah arose to flee to Tharsis.&#8221; The Pope&#8217;s interpretation is &#8220;Jonah escapes, he goes to Spain and he embarks on a ship that goes that way.&#8221; 

From ancient times, throughout the Roman Empire, writers such as Salustio (1st century) or Pausanias (2nd century) have associated Tharsis with Andalusia. &#8220;Hercules himself located Tartessos on the Iberian peninsula&#8221; says Flavius Arrianus (2nd century). For Valerius Maximums (Ist century) as well as Lilius Italicus (Ist century) port Tartessos from which the Kings reigned was Cadiz also named Tharsis. For Claudius Claudianus (4th century) &#8220;King Solomon sent his fleet to Cadiz, the western Tartessos.&#8221;

Archaeological evidence of the existence of mines dating back to the time of King Solomon can still be seen today at Cerro Colorado (Huelva), nicknamed &#8220;Cerro Salomon,&#8221; and at Cabezo Juré in Alosno (Huelva). Some of the production sites have been dated by the Department of Prehistory of the University of Huelva, using carbon 14, to the year 3200 BC. These mines were in activity until the end of the 19th century and were called &#8220;Minas de Tharsis.&#8221; 
								</div>
					</div>
		</div>
					</div>
		</section>
				</div>
